greatest common factor of 4436898 and 714.
102
What is the highest common factor of 534 and 21162598?
178
What is the highest common divisor of 40860218 and 56749?
469
What is the highest common divisor of 3094 and 638794?
26
What is the highest common divisor of 155 and 1353035?
5
Calculate the greatest common factor of 245079 and 5468994.
261
Calculate the greatest common divisor of 8990359 and 46277.
4207
Calculate the highest common factor of 49800472 and 8.
8
What is the greatest common factor of 45 and 92774235?
15
What is the greatest common divisor of 19101 and 33802403?
6367
Calculate the greatest common factor of 48288960 and 63936.
1728
Calculate the greatest common divisor of 489 and 34819245.
489
What is the highest common factor of 355337 and 4553?
29
What is the greatest common divisor of 510 and 69336880?
170
What is the highest common factor of 3964363 and 467?
467
Calculate the highest common divisor of 28667032 and 6261.
2087
Calculate the highest common factor of 6319930 and 190.
10
What is the greatest common divisor of 10490010 and 80?
10
Calculate the highest common factor of 4331 and 9607862.
71
What is the highest common divisor of 62364 and 186?
6
Calculate the greatest common factor of 6723021 and 94.
47
What is the highest common factor of 13394 and 356932?
362
What is the highest common factor of 11056358 and 17?
17
What is the greatest common factor of 4400 and 16441700?
1100
What is the highest common divisor of 9854570 and 4455?
55
Calculate the greatest common factor of 721938684 and 12.
12
Calculate the highest common factor of 8 and 10566776.
8
What is the greatest common divisor of 12728342 and 1122?
374
What is the greatest common divisor of 23189594 and 142?
142
Calculate the greatest common factor of 516078 and 464778.
1026
What is the greatest common divisor of 72 and 27867708?
36
What is the highest common divisor of 21300 and 68199050?
3550
What is the highest common divisor of 7397 and 50206?
13
What is the greatest common divisor of 1308 and 12853?
1
Calculate the highest common factor of 106110483 and 2319.
2319
What is the highest common factor of 6750408 and 147?
21
Calculate the greatest common divisor of 181248 and 5216.
32
Calculate the highest common factor of 2404104 and 292242.
5514
What is the greatest common factor of 46 and 6526549?
23
Calculate the highest common divisor of 6774 and 48594418.
2258
What is the highest common factor of 1571682 and 21252?
966
Calculate the highest common factor of 67520 and 1597270.
2110
What is the greatest common factor of 31044 and 1710405?
597
Calculate the greatest common divisor of 34302 and 6252.
6
What is the greatest common divisor of 57462306 and 209?
11
What is the greatest common divisor of 588 and 14492880?
12
What is the highest common factor of 7297678 and 4281?
1427
Calculate the highest common divisor of 39242579 and 34.
17
Calculate the highest common divisor of 372171521 and 47.
47
Calculate the highest common factor of 8028 and 2351312.
892
What is the greatest common factor of 54905081 and 1162?
581
What is the greatest common divisor of 384233 and 1807894?
2221
Calculate the highest common divisor of 6 and 88518.
6
What is the highest common factor of 80 and 28228108?
4
Calculate the highest common divisor of 63130 and 34240.
1070
Calculate the greatest common divisor of 30278400 and 179968.
4864
Calculate the highest common factor of 20140191 and 189.
27
Calculate the highest common factor of 900 and 7042050.
450
Calculate the greatest common divisor of 749890 and 19234.
118
Calculate the highest common divisor of 23390036 and 8.
4
Calculate the highest common divisor of 99 and 5020433.
11
What is the highest common factor of 634 and 198964?
2
What is the greatest common factor of 196380 and 25380?
180
What is the greatest common divisor of 9168948 and 423?
423
What is the highest common divisor of 28303146 and 306?
18
What is the highest common factor of 3925273 and 6952?
869
What is the highest common factor of 31233411 and 55?
11
Calculate the greatest common divisor of 7996 and 109461242.
3998
Calculate the greatest common divisor of 67496 and 540111.
143
Calculate the highest common divisor of 44352 and 2194038.
1386
Calculate the greatest common factor of 14473715 and 510.
85
Calculate the greatest common divisor of 345 and 43027365.
345
What is the greatest common factor of 176513260 and 1925?
385
What is the greatest common factor of 32255190 and 470?
10
Calculate the greatest common factor of 6235 and 14858005.
6235
Calculate the greatest common factor of 4 and 218679264.
4
What is the highest common factor of 1148 and 1383012?
164
Calculate the highest common divisor of 75250 and 686.
14
What is the greatest common divisor of 3438848 and 53200?
2128
What is the highest common divisor of 2935 and 16910?
5
Calculate the greatest common divisor of 6507088 and 1040.
16
What is the greatest common divisor of 867153 and 302379?
2499
Calculate the highest common divisor of 1254 and 14226729.
33
What is the highest common factor of 190574972 and 42?
14
Calculate the highest common factor of 90 and 1652682.
6
Calculate the greatest common factor of 1337 and 98901901.
1337
Calculate the highest common divisor of 23 and 93729048.
23
Calculate the greatest common factor of 2909 and 1049.
1
Calculate the greatest common divisor of 579284 and 480746.
2986
What is the greatest common factor of 34 and 2877352?
34
What is the highest common divisor of 81282 and 417381?
69
What is the highest common divisor of 899160 and 762?
762
Calculate the greatest common divisor of 53 and 3289010718.
53
Calculate the highest common factor of 407652 and 131664.
2532
What is the highest common divisor of 413 and 3457872?
59
Calculate the highest common divisor of 230659340 and 60.
20
What is the greatest common factor of 33152 and 179984?
112
Calculate the greatest common divisor of 5257708 and 92.
92
Calculate the greatest common factor of 552 and 76985784.
552
What is the greatest common factor of 143 and 2235948?
143
Calculate the highest common factor of 558 and 45378.
18
Calculate the greatest common divisor of 424 and 2008824.
8
What is the greatest common divisor of 50301 and 30699?
81
What is the greatest common divisor of 29666 and 2742558?
182
Calculate the highest common factor of 48442182 and 18.
6
What is the greatest common factor of 8620 and 74660?
20
What is the highest common divisor of 2790 and 40974?
6
What is the highest common divisor of 446322 and 9490?
146
What is the greatest common factor of 172525 and 1310185?
335
Calculate the highest common factor of 1389072 and 3376.
16
What is the highest common divisor of 6977608 and 6248?
88
What is the highest common factor of 46752403 and 6542?
3271
Calculate the greatest common factor of 1691516 and 76.
4
What is the highest common divisor of 3288 and 153744?
24
Calculate the highest common divisor of 48394248 and 4.
4
Calculate the greatest common divisor of 33696 and 754272.
2592
Calculate the highest common factor of 65808 and 11394.
18
What is the greatest common divisor of 640 and 2297660?
20
Calculate the highest common divisor of 1251 and 5313831.
417
What is the highest common divisor of 126497 and 29869?
119
Calculate the greatest common divisor of 4981708 and 33178.
626
Calculate the greatest common divisor of 827646916 and 6828.
2276
Calculate the greatest common factor of 240 and 44089830.
30
Calculate the greatest common factor of 47644839 and 5628.
201
Calculate the greatest common factor of 1028 and 13690647.
257
Calculate the highest common divisor of 1059996288 and 1599.
1599
What is the greatest common factor of 8 and 714720536?
8
Calculate the greatest common divisor of 10938 and 103907354.
3646
What is the greatest common divisor of 44575020 and 1890?
630
Calculate the greatest common factor of 11571 and 14875347.
1653
What is the greatest common divisor of 30 and 2375322?
6
What is the greatest common factor of 4914 and 10981215?
63
What is the highest common factor of 18048 and 951092?
188
What is the highest common factor of 5994 and 166?
2
What is the highest common factor of 4270 and 33443494?
854
What is the highest common divisor of 2505775 and 1404025?
282